2, 3, 71, 131
What are the prime factors of 11952185?
5, 7, 341491
List the prime factors of 13761485.
5, 1213, 2269
List the prime factors of 28521826.
2, 3559, 4007
What are the prime factors of 3814130?
2, 5, 381413
List the prime factors of 34993149.
3, 11664383
What are the prime factors of 542572?
2, 17, 79, 101
List the prime factors of 198274.
2, 99137
What are the prime factors of 8517?
3, 17, 167
List the prime factors of 12833442.
2, 3, 31, 109, 211
List the prime factors of 2026725.
3, 5, 61, 443
List the prime factors of 3731936.
2, 13, 8971
What are the prime factors of 304670?
2, 5, 30467
List the prime factors of 1512627.
3, 504209
What are the prime factors of 86080?
2, 5, 269
List the prime factors of 343810.
2, 5, 34381
What are the prime factors of 361254?
2, 3, 60209
List the prime factors of 972054.
2, 3, 47, 383
List the prime factors of 58911.
3, 73, 269
List the prime factors of 68447.
68447
List the prime factors of 18329429.
2663, 6883
What are the prime factors of 6143?
6143
What are the prime factors of 1859917?
1859917
What are the prime factors of 10820157?
3, 3606719
List the prime factors of 16456532.
2, 4114133
List the prime factors of 4778478.
2, 3, 265471
What are the prime factors of 1787275?
5, 7, 1459
What are the prime factors of 139411?
109, 1279
What are the prime factors of 13584153?
3, 11, 411641
What are the prime factors of 5767167?
3, 7, 274627
List the prime factors of 8936205.
3, 5, 29, 20543
What are the prime factors of 4499117?
7, 53, 67, 181
List the prime factors of 307405.
5, 7, 8783
What are the prime factors of 3084055?
5, 13, 17, 2791
What are the prime factors of 263624?
2, 31, 1063
List the prime factors of 852376.
2, 7, 31, 491
What are the prime factors of 1435704?
2, 3, 163, 367
What are the prime factors of 2913823?
11, 264893
List the prime factors of 417676.
2, 7, 2131
What are the prime factors of 1160667?
3, 29, 4447
What are the prime factors of 4387756?
2, 23, 37, 1289
What are the prime factors of 10256847?
3, 41, 83389
List the prime factors of 563447.
563447
List the prime factors of 472038.
2, 3, 7, 11239
List the prime factors of 122888.
2, 15361
List the prime factors of 5644976.
2, 19, 31, 599
List the prime factors of 2432413.
241, 10093
What are the prime factors of 3409621?
3409621
What are the prime factors of 8465748?
2, 3, 23, 37, 829
List the prime factors of 1055603.
1055603
What are the prime factors of 60098?
2, 151, 199
What are the prime factors of 19078430?
2, 5, 7, 272549
List the prime factors of 469006.
2, 151, 1553
List the prime factors of 340594.
2, 19, 8963
What are the prime factors of 95401?
95401
What are the prime factors of 1731456?
2, 3, 167
What are the prime factors of 1037775?
3, 5, 101, 137
What are the prime factors of 21658?
2, 7, 13, 17
What are the prime factors of 926193?
3, 19, 16249
What are the prime factors of 776053?
193, 4021
List the prime factors of 6207501.
3, 103, 20089
List the prime factors of 3832395.
3, 5, 7, 17, 19, 113
What are the prime factors of 179441?
179441
What are the prime factors of 124019?
7, 2531
What are the prime factors of 151018?
2, 7, 23, 67
What are the prime factors of 476406?
2, 3, 7, 19, 199
What are the prime factors of 2070287?
2070287
What are the prime factors of 63176?
2, 53, 149
List the prime factors of 501152.
2, 15661
List the prime factors of 1787113.
73, 24481
List the prime factors of 55619.
55619
List the prime factors of 9959931.
3, 251, 4409
List the prime factors of 22265716.
2, 11, 17, 103
What are the prime factors of 1790019?
3, 7, 11, 41
List the prime factors of 132486.
2, 3, 71, 311
What are the prime factors of 27061334?
2, 101, 133967
List the prime factors of 335280.
2, 3, 5, 11, 127
List the prime factors of 48614.
2, 109, 223
What are the prime factors of 2822767?
23, 31, 37, 107
List the prime factors of 4535833.
67, 67699
What are the prime factors of 210574?
2, 7, 13, 89
List the prime factors of 164129.
7, 23447
List the prime factors of 322891.
322891
What are the prime factors of 330357?
3, 110119
What are the prime factors of 145551?
3, 7, 29, 239
What are the prime factors of 2363972?
2, 13, 269
List the prime factors of 4770867.
3, 23, 69143
What are the prime factors of 301314?
2, 3, 13, 3863
List the prime factors of 106941.
3, 43, 829
What are the prime factors of 234588?
2, 3, 113, 173
What are the prime factors of 162647?
41, 3967
List the prime factors of 2096919.
3, 11, 59, 359
List the prime factors of 17382252.
2, 3, 29, 199, 251
List the prime factors of 100352.
2, 7
What are the prime factors of 33545921?
47, 713743
What are the prime factors of 1131655?
5, 7, 31, 149
What are the prime factors of 17865368?
2, 17, 131363
What are the prime factors of 81665?
5, 16333
What are the prime factors of 21772372?
2, 127, 42859
What are the prime factors of 4652371?
23, 202277
What are the prime factors of 126099?
3, 14011
List the prime factors of 4591705.
5, 918341
List the prime factors of 4562749.
17, 239, 1123
List the prime factors of 527789.
527789
List the prime factors of 10172853.
3, 1130317
What are the prime factors of 43372?
2, 7, 1549
List the prime factors of 33913039.
31, 1093969
List the prime factors of 4112866.
2, 107, 19219
List the prime factors of 236550.
2, 3, 5, 19, 83
List the prime factors of 6911638.
2, 23, 97, 1549
What are the prime factors of 563787?
3, 7, 19, 157
What are the prime factors of 364192?
2, 19, 599
List the prime factors of 739187.
739187
List the prime factors of 977115.
3, 5, 65141
What are the prime factors of 3224245?
5, 727, 887
List the prime factors of 2386346.
2, 1193173
What are the prime factors of 81736?
2, 17, 601
List the prime factors of 1306451.
1306451
What are the prime factors of 730100?
2, 5, 7, 149
What are the prime factors of 511085?
5, 102217
List the prime factors of 504681.
3, 168227
List the prime factors of 4058412.
2, 3, 127, 2663
What are the prime factors of 4425455?
5, 885091
What are the prime factors of 92569?
92569
What are the prime factors of 10476385?
5, 23, 91099
List the prime factors of 3922423.
3922423
What are the prime factors of 77548?
2, 19387
List the prime factors of 1874744.
2, 234343
What are the prime factors of 376207?
13, 43, 673
What are the prime factors of 10338580?
2, 5, 7, 73847
What are the prime factors of 331492?
2, 7, 11839
What are the prime factors of 7050467?
7050467
List the prime factors of 208692.
2, 3, 11, 17, 31
What are the prime factors of 319122?
2, 3, 17729
List the prime factors of 626521.
7, 37, 41, 59
List the prime factors of 1678556.
2, 11, 38149
List the prime factors of 1414233.
3, 52379
What are the prime factors of 575094?
2, 3, 13, 73, 101
What are the prime factors of 8872032?
2, 3, 13, 7109
List the prime factors of 144216.
2, 3, 2003
List the prime factors of 59616.
2, 3, 23
What are the prime factors of 1857720?
2, 3, 5, 113, 137
What are the prime factors of 434934?
2, 3, 73, 331
What are the prime factors of 1466305?
5, 293261
What are the prime factors of 1622793?
3, 113, 4787
What are the prime factors of 25218691?
25218691
What are the prime factors of 3459615?
3, 5, 19, 61, 199
List the prime factors of 14405084.
2, 23, 156577
What are the prime factors of 243274?
2, 121637
List the prime factors of 3490316.
2, 83, 10513
What are the prime factors of 1615029?
3, 13, 41411
What are the prime factors of 848447?
23, 37, 997
List the prime factors of 311297.
7, 6353
List the prime factors of 1885604.
2, 7, 67343
What are the prime factors of 19865765?
5, 3973153
What are the prime factors of 675129?
3, 7, 13, 2473
What are the prime factors of 1278310?
2, 5, 11, 11621
What are the prime factors of 6324972?
2, 3, 527081
List the prime factors of 684469.
684469
What are the prime factors of 13446743?
23, 89, 6569
What are the prime factors of 34460126?
2, 1289, 13367
What are the prime factors of 17925033?
3, 7, 61, 1999
What are the prime factors of 774872?
2, 7, 101, 137
What are the prime factors of 4642?
2, 11, 211
What are the prime factors of 5630536?
2, 17, 19, 2179
List the prime factors of 4449321.
3, 494369
List the prime factors of 15021552.
2, 3, 7, 13, 19, 181
List the prime factors of 204946.
2, 7, 14639
What ar